84716?
2, 3, 257, 449
What are the prime factors of 208522?
2, 17, 6133
List the prime factors of 4332937.
7, 618991
List the prime factors of 1056342.
2, 3, 7, 3593
What are the prime factors of 503622?
2, 3, 7, 571
What are the prime factors of 16053224?
2, 11, 182423
List the prime factors of 7923285.
3, 5, 19, 3089
List the prime factors of 9938144.
2, 310567
List the prime factors of 2283799.
7, 326257
What are the prime factors of 359694?
2, 3, 6661
What are the prime factors of 211820?
2, 5, 7, 17, 89
What are the prime factors of 1409729?
331, 4259
What are the prime factors of 147363?
3, 49121
What are the prime factors of 214425?
3, 5, 953
List the prime factors of 13828507.
7, 11, 179591
List the prime factors of 4226949.
3, 19, 1301
What are the prime factors of 255630?
2, 3, 5, 8521
List the prime factors of 201202.
2, 29, 3469
What are the prime factors of 80824?
2, 10103
What are the prime factors of 2010960?
2, 3, 5, 7, 19
What are the prime factors of 100838?
2, 127, 397
What are the prime factors of 14840738?
2, 11, 101, 6679
What are the prime factors of 14058207?
3, 733, 2131
List the prime factors of 11483314.
2, 89, 64513
What are the prime factors of 183756?
2, 3, 15313
What are the prime factors of 435293?
211, 2063
What are the prime factors of 30131269?
7, 41, 104987
What are the prime factors of 3239673?
3, 17, 139, 457
What are the prime factors of 29679417?
3, 43, 53, 1447
List the prime factors of 329893.
47, 7019
What are the prime factors of 655692?
2, 3, 101, 541
What are the prime factors of 25019555?
5, 11, 193, 2357
What are the prime factors of 106696?
2, 13337
What are the prime factors of 3504810?
2, 3, 5, 116827
List the prime factors of 1596903.
3, 7, 11, 31, 223
What are the prime factors of 23120?
2, 5, 17
List the prime factors of 2597205.
3, 5, 13, 19, 701
List the prime factors of 2971658.
2, 181, 8209
List the prime factors of 13685329.
7, 1955047
List the prime factors of 2173150.
2, 5, 7, 887
List the prime factors of 645222.
2, 3, 53, 2029
What are the prime factors of 5077634?
2, 2538817
List the prime factors of 5011696.
2, 59, 5309
List the prime factors of 92514.
2, 3, 17, 907
What are the prime factors of 5314887?
3, 590543
List the prime factors of 186918.
2, 3, 31153
What are the prime factors of 274115?
5, 73, 751
What are the prime factors of 4938660?
2, 3, 5, 27437
What are the prime factors of 1510246?
2, 17, 43, 1033
List the prime factors of 2209879.
7, 315697
What are the prime factors of 261125?
5, 2089
List the prime factors of 2772513.
3, 17, 18121
List the prime factors of 326325.
3, 5, 19, 229
What are the prime factors of 115941?
3, 7, 5521
List the prime factors of 261868.
2, 17, 3851
List the prime factors of 9421748.
2, 7, 336491
What are the prime factors of 2552437?
43, 59359
What are the prime factors of 6029081?
6029081
What are the prime factors of 463532?
2, 115883
List the prime factors of 4783167.
3, 97, 5479
List the prime factors of 1045768.
2, 37, 3533
List the prime factors of 13508264.
2, 7, 11, 21929
What are the prime factors of 127924?
2, 31981
List the prime factors of 217155.
3, 5, 31, 467
List the prime factors of 10164456.
2, 3, 79, 1787
List the prime factors of 57620.
2, 5, 43, 67
What are the prime factors of 314329?
314329
What are the prime factors of 4839085?
5, 23, 29, 1451
What are the prime factors of 3428666?
2, 41, 41813
What are the prime factors of 10174980?
2, 3, 5, 169583
What are the prime factors of 5974821?
3, 663869
List the prime factors of 2187262.
2, 7, 11, 2029
What are the prime factors of 1385395?
5, 11, 25189
What are the prime factors of 68496?
2, 3, 1427
List the prime factors of 1390284.
2, 3, 7, 613
What are the prime factors of 1609006?
2, 7, 281, 409
List the prime factors of 113879.
263, 433
List the prime factors of 471159.
3, 13, 4027
List the prime factors of 85265.
5, 17053
List the prime factors of 4423659.
3, 23, 61, 1051
List the prime factors of 332337.
3, 47, 2357
List the prime factors of 36532.
2, 9133
What are the prime factors of 346888?
2, 131, 331
List the prime factors of 3263663.
13, 251051
What are the prime factors of 221059?
221059
What are the prime factors of 2867141?
47, 53, 1151
What are the prime factors of 32207?
7, 43, 107
What are the prime factors of 119868?
2, 3, 7, 1427
List the prime factors of 19024122.
2, 3, 13, 17, 14347
What are the prime factors of 161761?
161761
List the prime factors of 939106.
2, 7, 67079
List the prime factors of 607942.
2, 197, 1543
List the prime factors of 203103.
3, 22567
List the prime factors of 484127.
7, 23, 31, 97
What are the prime factors of 17947726?
2, 8973863
What are the prime factors of 31319587?
13, 185323
List the prime factors of 274000.
2, 5, 137
List the prime factors of 1540239.
3, 691, 743
List the prime factors of 9938277.
3, 23, 41, 1171
List the prime factors of 2719028.
2, 13, 52289
What are the prime factors of 11920411?
11920411
What are the prime factors of 23018685?
3, 5, 1534579
List the prime factors of 15031341.
3, 13, 128473
What are the prime factors of 1576965?
3, 5, 13, 8087
What are the prime factors of 11341007?
191, 59377
List the prime factors of 910090.
2, 5, 91009
List the prime factors of 6653186.
2, 3326593
What are the prime factors of 262771?
71, 3701
List the prime factors of 30901.
13, 2377
What are the prime factors of 250736?
2, 15671
What are the prime factors of 530893?
11, 17, 167
List the prime factors of 3668486.
2, 1834243
List the prime factors of 10406884.
2, 109, 23869
What are the prime factors of 79934?
2, 17, 2351
What are the prime factors of 4736051?
4736051
What are the prime factors of 744666?
2, 3, 13, 9547
What are the prime factors of 9877827?
3, 3292609
List the prime factors of 941711.
659, 1429
What are the prime factors of 4676730?
2, 3, 5, 155891
What are the prime factors of 19983?
3, 6661
What are the prime factors of 33271?
7, 97
What are the prime factors of 2311789?
47, 101, 487
List the prime factors of 86956.
2, 21739
List the prime factors of 1863212.
2, 13, 35831
What are the prime factors of 449846?
2, 37, 6079
What are the prime factors of 276407?
47, 5881
List the prime factors of 236339.
236339
What are the prime factors of 15399?
3, 29, 59
List the prime factors of 8321481.
3, 7, 44029
List the prime factors of 10348127.
1171, 8837
List the prime factors of 13874937.
3, 109, 151, 281
What are the prime factors of 3581320?
2, 5, 89533
What are the prime factors of 750690?
2, 3, 5, 19, 439
List the prime factors of 593689.
593689
List the prime factors of 805251.
3, 47, 5711
What are the prime factors of 1350898?
2, 675449
List the prime factors of 10788249.
3, 3596083
What are the prime factors of 3123114?
2, 3, 313, 1663
List the prime factors of 572684.
2, 7, 113, 181
List the prime factors of 29434.
2, 14717
List the prime factors of 3094940.
2, 5, 154747
List the prime factors of 4863105.
3, 5, 13, 17, 163
What are the prime factors of 294025?
5, 19, 619
What are the prime factors of 6856821?
3, 761869
What are the prime factors of 5189138?
2, 2594569
List the prime factors of 10839.
3, 3613
What are the prime factors of 916119?
3, 137, 743
List the prime factors of 344991.
3, 114997
List the prime factors of 528550.
2, 5, 11, 31
List the prime factors of 29976.
2, 3, 1249
List the prime factors of 300890.
2, 5, 30089
List the prime factors of 1029259.
7, 11, 13367
List the prime factors of 403919.
71, 5689
What are the prime factors of 7767112?
2, 31, 31319
What are the prime factors of 1835828?
2, 458957
What are the prime factors of 2545637?
37, 107, 643
What are the prime factors of 1158738?
2, 3, 7, 47, 587
List the prime factors of 695991.
3, 101, 2297
List the prime factors of 150021.
3, 79, 211
What are the prime factors of 6998412?
2, 3, 643, 907
List the prime factors of 190624.
2, 7, 23, 37
List the prime factors of 618600.
2, 3, 5, 1031
List the prime factors of 7432027.
7432027
What are the prime factors of 29419955?
5, 43, 193, 709
List the prime factors of 3971398.
2, 1361, 1459
List the prime factors of 2442035.
5, 488407
List the prime factors of 9483406.
2, 23, 29, 7109
What are the prime factors of 18091303?
1453, 12451
List the prime factors of 45